73 + -121. Let w = 79 - m. Let z be 0 + 1*3 - 0. Calculate the highest common divisor of z and w.
3
Suppose -3*v = -52 + 4. Suppose -6*k = -k + 5*g - 310, 0 = 4*k - 3*g - 262. What is the highest common factor of v and k?
16
Suppose 0 = 5*a + h, -4*h = -3*a - 0*a + 23. What is the greatest common divisor of a and 4?
1
Let y(g) = 2*g - 1. Let x be y(7). What is the highest common divisor of x and 117?
13
Suppose -3*i = 4*g - 83, i = 2*g - 0*g - 39. What is the greatest common divisor of g and 80?
20
Let p(z) = -z**3 + 11*z**2 - 15*z + 2. Let y be p(9). Calculate the highest common factor of 232 and y.
29
Let d(i) = i**2 + 8*i + 11. Let m be d(-9). Let s be (-1)/(-3)*(m + 7). Suppose s = 2*a - a. What is the greatest common factor of 9 and a?
9
Let g be -1*-15*(3 + 7/5). Calculate the greatest common factor of g and 6.
6
Suppose -b - 3*b + 8 = 0. Let r be (-2)/2 + (8 - b). What is the greatest common factor of r and 1?
1
Suppose 3*p + u - 53 = 0, 0*p = 3*p - 5*u - 23. Let b be (-32)/((-3)/(27/2)). What is the greatest common divisor of b and p?
16
Let i = -5 - 0. Let h be (i/(-10))/((-2)/(-40)). Suppose 4*f - 120 = -0*b - 5*b, -b + 3*f + 5 = 0. What is the highest common factor of b and h?
10
Let j(b) = 2*b**3 - 7*b**2 + 7*b + 8. Let y be j(7). Calculate the greatest common divisor of 50 and y.
50
Let u(y) = -4*y. Let z be u(2). Let d be (-2 + -1)*z + 0. What is the greatest common factor of 8 and d?
8
Suppose 5*y - 125 = 5*a, 2*a - 34 = 2*y - 4*y. Suppose 3 = -3*i + d + 44, 2*d = 4*i - 54. What is the highest common divisor of y and i?
7
Let d = 71 + -46. Let i(l) = 4*l - 3. Let p be i(2). What is the greatest common factor of d and p?
5
Suppose -29 = -2*l + 5. Suppose 0 = 3*k - 46 - 107. What is the greatest common divisor of l and k?
17
Let i(b) = b**3 + 2*b**2. Let q be (-6)/15 - (-34)/10. Suppose 4 = -4*w, -q*y + 2*w - 3 = -2. Let n be i(y). Calculate the highest common divisor of n and 11.
1
Let p = -176 + 338. Calculate the greatest common factor of p and 18.
18
Let a = 59 + -39. What is the highest common divisor of a and 60?
20
Let l = 56 + -34. Calculate the greatest common divisor of l and 110.
22
Suppose -v - u - 19 = 4*u, 4*v + 28 = 4*u. Let y = v + 19. What is the greatest common factor of y and 20?
10
Let l(o) = 20*o**3 - o**2 + o + 1. Let p be l(1). Calculate the greatest common factor of p and 21.
21
Suppose -6 = -2*a - 12. Let n be (a/(-2))/(3/72). What is the greatest common divisor of 4 and n?
4
Let j = -4 - -3. Let m be (1 - 7)*j - 2. What is the highest common factor of m and 2?
2
Suppose -a = -4*d - 444, 0 = 5*d - 4*a + 482 + 73. Let z(x) = 3*x**2 - 7*x + 1. Let u be z(5). Let l = u - d. Calculate the highest common divisor of l and 19.
19
Suppose -2*l + 6 = -l. Suppose 4*i + l = -14, -4*i - 45 = -5*p. Calculate the highest common factor of p and 15.
5
Let k be (-36)/(-21)*84/8. What is the highest common divisor of 30 and k?
6
Let l be (-47)/(-5) - 4/10. Suppose -f + 0*f + l = 0. Calculate the highest common divisor of 45 and f.
9
Suppose -57 = -3*g + z, 2*g = g + 5*z + 5. Suppose u = 6*u - g. Suppose u*i - 11 + 3 = 0. Calculate the highest common factor of i and 3.
1
Suppose 3 = -3*u + 4*u. Suppose 0 = r - 4*w - 31, -5*r + 96 = -u*w + 9. What is the greatest common factor of r and 105?
15
Let r be (-60)/(35/7)*-1*1. Calculate the greatest common factor of r and 24.
12
Let y(a) = -a - 1. Let b(l) = -l**2 + 3*l + 3. Let m(z) = -b(z) + 2*y(z). Let c be m(8). What is the highest common factor of c and 38?
19
Let r = -7 + 7. Suppose r*n - 110 = -5*n. Calculate the greatest common divisor of n and 33.
11
Let n be (-51)/2*-2*(-2)/(-6). Let u(i) = 13*i**2 - i - 1. Let t be u(-3). What is the greatest common factor of t and n?
17
Let z be ((-2)/3)/(2/(-135)). Calculate the greatest common divisor of z and 5.
5
Let x be (-666)/(-21) + (-6)/(-21). What is the highest common divisor of 4 and x?
4
Suppose 345 = -3*z - 51. Let o be -3*z/(-3 - -6). What is the highest common divisor of 12 and o?
12
Let j be 0 + 0 - 10*-18. Let x = 284 - j. Let t = 24 - 11. What is the highest common factor of t and x?
13
Let a(i) = 10*i + 3. Let o be a(3). Let r = 12 + -1. What is the greatest common divisor of o and r?
11
Let p be (11/(-2) + 1)*-2. What is the highest common divisor of 9 and p?
9
Suppose 2*z + 24 = 3*q, z = 5*q + 4*z - 59. Let l = 271 - 191. What is the greatest common factor of q and l?
10
Suppose -225 + 0 = -5*n. Calculate the greatest common factor of n and 9.
9
Suppose 7*s - 2*s = 3*z - 457, 5*z - 5*s = 765. Let k(v) = v**3 - 3*v**2 - 8*v + 4. Let q be k(5). What is the highest common divisor of z and q?
14
Suppose 3*p = -0*p + 693. Suppose 0 = -d - 5*h - 3 + 9, -5*d + 2*h + 111 = 0. Calculate the highest common factor of d and p.
21
Let m = -3 + 8. Suppose 13 - 33 = -f. Calculate the highest common factor of m and f.
5
Suppose -13 = -5*z - 3. Suppose -z = 4*u - 38. Let c = 202 + -139. Calculate the greatest common factor of u and c.
9
Let x(t) = 15*t - 5. Let k be x(7). Let r = -35 - -63. Let s = 48 - r. Calculate the greatest common factor of s and k.
20
Suppose 6*x + 3*i = x + 1760, 0 = 2*i. Let c be (-3)/9 - (-88)/(-6). Let r be 5/c + x/3. Calculate the highest common factor of r and 13.
13
Let w be (-8)/(6/(-3)) + 180/10. Calculate the highest common divisor of 22 and w.
22
Let l = 13 + -11. Calculate the greatest common factor of 14 and l.
2
Let y(i) = 5*i - 29. Let u be y(6). What is the greatest common divisor of 2 and u?
1
Suppose 5*i = 2*i. Suppose i = -n + 31 - 10. Calculate the greatest common divisor of 7 and n.
7
Let x = 7 + 17. Let g(w) = -22*w - 16. Let n be g(-1). What is the highest common factor of x and n?
6
Let q(i) = i - 3. Let d be q(7). Suppose -6 = -2*c + 2*x + 16, -2*c + 30 = -d*x. Let m = 27 + -13. Calculate the greatest common divisor of m and c.
7
Let u(w) = 2*w - 5. Let g be 4/(((-6)/4)/(-3)). Let n be u(g). Calculate the highest common divisor of 77 and n.
11
Suppose -f + 19 = 4*h, 2 + 8 = -2*f. Let z be -54*-1*(1 + 0). Let s be z/7*42/9. Calculate the highest common divisor of s and h.
6
Let z = 384 + -64. Suppose 3*x - z = -2*x. Calculate the greatest common factor of 8 and x.
8
Let k = -83 + 95. What is the greatest common factor of 96 and k?
12
Let m be 12/(3 + (-6)/4). Calculate the greatest common divisor of 88 and m.
8
Let q(v) = v**3 + 5*v**2 + 4*v + 2. Let f = 19 + -23. Let y be q(f). Calculate the highest common divisor of y and 12.
2
Let g be 5/15*(1 + 5). Calculate the highest common divisor of g and 5.
1
Let t be -3 + 37 + (3 - 0). What is the highest common divisor of t and 333?
37
Let h = -17 - -38. Let p(q) = -q**3 + 6*q**2 + q - 3. Let j be p(6). Let a = h - j. What is the highest common divisor of a and 144?
18
Let k = -17 - -52. What is the greatest common divisor of k and 7?
7
Suppose -39 - 411 = -2*x. Suppose 5*q = x + 65. What is the greatest common factor of q and 87?
29
Suppose 3 = -5*f + y, -5*f - y - 7 = -0. Let k be (7 - -3) + -3 - f. What is the greatest common divisor of 2 and k?
2
Suppose -2*p - 2*p + y + 35 = 0, p + y - 5 = 0. Calculate the highest common divisor of 8 and p.
8
Let w be ((-56)/4)/(1*-2). Let a(i) = -i**3 - 2*i**2 - 2*i - 3. Let h be a(-2). Let y be (49 + 0)*(h - 0). Calculate the greatest common divisor of y and w.
7
Let x = 198 + -138. Let w = -71 - -111. What is the greatest common divisor of w and x?
20
Let c(j) = -3*j + 20. Let t be c(4). What is the greatest common factor of 40 and t?
8
Let c be (-501)/(-33) + (-4)/22. What is the greatest common factor of c and 120?
15
Let t be 5 - (-2 + 1 - 0). What is the highest common factor of t and 66?
6
Suppose 2*m - 2*p = -32, -p + 0*p - 20 = 2*m. Let i = 32 + m. Let v = 17 - 7. Calculate the greatest common factor of v and i.
10
Suppose x + 4*x - 20 = 0. Suppose 4*s + 2*k - 96 = 0, s - x*s - 3*k = -69. What is the highest common factor of 10 and s?
5
Let b = -15 - -27. Let s = 36 - b. Let a be 56/(-12)*24/(-14). What is the greatest common factor of s and a?
8
Suppose 0*h + 1 = -h. Let a = h - -12. Suppose u - 384 = -4*p - p, -5*u = -5*p + 390. What is the greatest common factor of p and a?
11
Let l(h) = -h**3 + 23*h**2 - 22*h + 28. Let f be l(22). Calculate the highest common divisor of f and 35.
7
L